{"id":2080,"date":"2021-10-04T16:34:57","date_gmt":"2021-10-04T21:34:57","guid":{"rendered":"http:\/\/portalvive.com\/gs11\/?page_id=2080"},"modified":"2022-06-08T11:03:57","modified_gmt":"2022-06-08T16:03:57","slug":"codigos-de-barras-unidimensionales-logisticos-itf-14-y-gs1-128","status":"publish","type":"page","link":"https:\/\/gs1ec.org\/contenido\/estandares\/estandares-gs1\/capturar\/codigos-de-barras-unidimensionales-logisticos-itf-14-y-gs1-128\/","title":{"rendered":"C\u00f3digos de Barras Unidimensionales Log\u00edsticos: ITF-14 y GS1-128"},"content":{"rendered":"<p>[vc_row full_width=&#8221;stretch_row&#8221; css=&#8221;.vc_custom_1637187429215{padding-top: 60px !important;padding-bottom: 50px !important;background-image: url(https:\/\/gs1ec.org\/contenido\/wp-content\/uploads\/2021\/11\/bread-cod-bar-01-1.jpg?id=2414) !important;background-position: center !important;background-repeat: no-repeat !important;background-size: cover !important;}&#8221;][vc_column][vc_custom_heading source=&#8221;post_title&#8221; font_container=&#8221;tag:h1|text_align:left|color:%23ffffff&#8221; use_theme_fonts=&#8221;yes&#8221;][\/vc_column][\/vc_row][vc_row full_width=&#8221;stretch_row&#8221; css=&#8221;.vc_custom_1632163053668{padding-top: 50px !important;padding-bottom: 50px !important;background-color: #f0f5fa !important;}&#8221;][vc_column][vc_row_inner][vc_column_inner][vc_column_text]<\/p>\n<p style=\"text-align: justify;\">C\u00f3digos de Barras unidimensionales utilizados a nivel mundial en ambientes de distribuci\u00f3n y log\u00edstica a lo largo de toda la cadena de abastecimiento.<\/p>\n<p>[\/vc_column_text][\/vc_column_inner][\/vc_row_inner][vc_row_inner][vc_column_inner][vc_separator style=&#8221;solid&#8221;][\/vc_column_inner][\/vc_row_inner][vc_row_inner][vc_column_inner width=&#8221;1\/3&#8243;][vc_custom_heading text=&#8221;ITF-14&#8243; font_container=&#8221;tag:h2|font_size:25px|text_align:left|color:%230c2c66&#8243; use_theme_fonts=&#8221;yes&#8221;][vc_column_text]S\u00edmbolo de identificaci\u00f3n: ]I1<br \/>\nCapacidad: 14 n\u00fameros<br \/>\nAdmite GTIN-14<br \/>\nNo es compatible con atributos[\/vc_column_text][\/vc_column_inner][vc_column_inner width=&#8221;1\/3&#8243;][vc_column_text]<\/p>\n<p style=\"text-align: justify;\">El uso de la simbolog\u00eda ITF-14 se limita a los c\u00f3digos de barras de los n\u00fameros de identificaci\u00f3n de los art\u00edculos comerciales que no pasan a trav\u00e9s del punto de venta (unidades log\u00edsticas). Con la clave de identificaci\u00f3n GTIN-14 y utilizando la simbolog\u00eda ITF-14 se identifica la unidad log\u00edstica o de expedici\u00f3n. El GTIN-14 est\u00e1 compuesto por 14 d\u00edgitos generados a partir de aplicar un algoritmo sobre el c\u00f3digo del producto que contiene la caja.<\/p>\n<p>[\/vc_column_text][\/vc_column_inner][vc_column_inner width=&#8221;1\/3&#8243;][vc_single_image image=&#8221;2083&#8243; img_size=&#8221;full&#8221; alignment=&#8221;center&#8221;][\/vc_column_inner][\/vc_row_inner][vc_separator style=&#8221;solid&#8221;][vc_row_inner][vc_column_inner width=&#8221;1\/3&#8243;][vc_custom_heading text=&#8221;GS1-128&#8243; font_container=&#8221;tag:h2|font_size:25px|text_align:left|color:%230c2c66&#8243; use_theme_fonts=&#8221;yes&#8221;][vc_column_text]S\u00edmbolo de identificaci\u00f3n:]C1<br \/>\nCapacidad: 48 alfa num\u00e9rico<br \/>\nAdmite todas las claves GS1<br \/>\nCompatible con atributos[\/vc_column_text][\/vc_column_inner][vc_column_inner width=&#8221;1\/3&#8243;][vc_column_text]<\/p>\n<p style=\"text-align: justify;\">La necesidad de codificar informaci\u00f3n complementaria, motivo la introducci\u00f3n del c\u00f3digo GS1-128, que posibilita simbolizar caracteres alfa num\u00e9ricos y de esta forma puede llevar una amplia variedad de informaci\u00f3n relacionada al producto como: n\u00famero de lote, fecha de caducidad, n\u00famero de serie, entre otros.<br \/>\nEs un c\u00f3digo que por medio de prefijos llamados Identificadores de Aplicaci\u00f3n definen el contenido y formato de campos de datos que lo preceden. La utilidad del GS1-128 es m\u00faltiple, pudiendo ser aplicado en log\u00edstica y automatizaci\u00f3n de varios sectores productivos y comerciales como el sector alimenticio, farmac\u00e9utico entre otros. Se trata de una soluci\u00f3n que tiene la cobertura necesaria para obtener grandes ganancias en la cadena de distribuci\u00f3n siempre orientado a la optimizaci\u00f3n por medio de informaci\u00f3n r\u00e1pida, precisa y garantizando la trazabilidad entre los actores de la cadena de abastecimiento.<\/p>\n<p>[\/vc_column_text][\/vc_column_inner][vc_column_inner width=&#8221;1\/3&#8243;][vc_single_image image=&#8221;2086&#8243; img_size=&#8221;full&#8221; alignment=&#8221;center&#8221;][\/vc_column_inner][\/vc_row_inner][vc_separator style=&#8221;solid&#8221;][\/vc_column][\/vc_row]<\/p>\n","protected":false},"excerpt":{"rendered":"<p>[vc_row full_width=&#8221;stretch_row&#8221; css=&#8221;.vc_custom_1637187429215{padding-top: 60px !important;padding-bottom: 50px !important;background-image: url(https:\/\/gs1ec.org\/contenido\/wp-content\/uploads\/2021\/11\/bread-cod-bar-01-1.jpg?id=2414) !important;background-position: center !important;background-repeat: no-repeat !important;background-size: cover !important;}&#8221;][vc_column][vc_custom_heading source=&#8221;post_title&#8221; font_container=&#8221;tag:h1|text_align:left|color:%23ffffff&#8221; use_theme_fonts=&#8221;yes&#8221;][\/vc_column][\/vc_row][vc_row full_width=&#8221;stretch_row&#8221; css=&#8221;.vc_custom_1632163053668{padding-top: 50px !important;padding-bottom: 50px !important;background-color: #f0f5fa !important;}&#8221;][vc_column][vc_row_inner][vc_column_inner][vc_column_text] C\u00f3digos de Barras unidimensionales utilizados a nivel mundial en ambientes de distribuci\u00f3n y log\u00edstica a lo largo de toda la cadena de abastecimiento. [\/vc_column_text][\/vc_column_inner][\/vc_row_inner][vc_row_inner][vc_column_inner][vc_separator style=&#8221;solid&#8221;][\/vc_column_inner][\/vc_row_inner][vc_row_inner][vc_column_inner width=&#8221;1\/3&#8243;][vc_custom_heading text=&#8221;ITF-14&#8243; font_container=&#8221;tag:h2|font_size:25px|text_align:left|color:%230c2c66&#8243; use_theme_fonts=&#8221;yes&#8221;][vc_column_text]S\u00edmbolo [&hellip;]<\/p>\n","protected":false},"author":2,"featured_media":0,"parent":1921,"menu_order":0,"comment_status":"closed","ping_status":"closed","template":"","meta":{"iawp_total_views":135,"footnotes":""},"class_list":["post-2080","page","type-page","status-publish","hentry"],"_links":{"self":[{"href":"https:\/\/gs1ec.org\/contenido\/wp-json\/wp\/v2\/pages\/2080","targetHints":{"allow":["GET"]}}],"collection":[{"href":"https:\/\/gs1ec.org\/contenido\/wp-json\/wp\/v2\/pages"}],"about":[{"href":"https:\/\/gs1ec.org\/contenido\/wp-json\/wp\/v2\/types\/page"}],"author":[{"embeddable":true,"href":"https:\/\/gs1ec.org\/contenido\/wp-json\/wp\/v2\/users\/2"}],"replies":[{"embeddable":true,"href":"https:\/\/gs1ec.org\/contenido\/wp-json\/wp\/v2\/comments?post=2080"}],"version-history":[{"count":7,"href":"https:\/\/gs1ec.org\/contenido\/wp-json\/wp\/v2\/pages\/2080\/revisions"}],"predecessor-version":[{"id":2416,"href":"https:\/\/gs1ec.org\/contenido\/wp-json\/wp\/v2\/pages\/2080\/revisions\/2416"}],"up":[{"embeddable":true,"href":"https:\/\/gs1ec.org\/contenido\/wp-json\/wp\/v2\/pages\/1921"}],"wp:attachment":[{"href":"https:\/\/gs1ec.org\/contenido\/wp-json\/wp\/v2\/media?parent=2080"}],"curies":[{"name":"wp","href":"https:\/\/api.w.org\/{rel}","templated":true}]}}