{"id":2246,"date":"2021-10-28T13:54:46","date_gmt":"2021-10-28T18:54:46","guid":{"rendered":"http:\/\/portalvive.com\/gs11\/?page_id=2246"},"modified":"2021-11-11T10:47:22","modified_gmt":"2021-11-11T15:47:22","slug":"entregas-certificadas-una-metodologia-de-gs1-ecuador","status":"publish","type":"page","link":"https:\/\/gs1ec.org\/contenido\/entregas-certificadas-una-metodologia-de-gs1-ecuador\/","title":{"rendered":"Entregas Certificadas, una metodolog\u00eda de GS1 Ecuador"},"content":{"rendered":"<p>[vc_row full_width=&#8221;stretch_row&#8221; css=&#8221;.vc_custom_1636645631852{padding-top: 60px !important;padding-bottom: 50px !important;background-image: url(https:\/\/gs1ec.org\/contenido\/wp-content\/uploads\/2021\/10\/bread-soluciones.jpg?id=2227) !important;background-position: center !important;background-repeat: no-repeat !important;background-size: cover !important;}&#8221;][vc_column width=&#8221;1\/2&#8243;][vc_custom_heading source=&#8221;post_title&#8221; font_container=&#8221;tag:h1|text_align:left|color:%23ffffff&#8221; use_theme_fonts=&#8221;yes&#8221;][vc_empty_space height=&#8221;50px&#8221;][\/vc_column][vc_column width=&#8221;1\/2&#8243;][\/vc_column][\/vc_row][vc_row full_width=&#8221;stretch_row&#8221; css=&#8221;.vc_custom_1633367509733{padding-top: 50px !important;padding-bottom: 50px !important;}&#8221;][vc_column][vc_empty_space height=&#8221;30px&#8221;][vc_single_image image=&#8221;1779&#8243; img_size=&#8221;120&#215;120&#8243;][vc_column_text]<\/p>\n<p style=\"text-align: justify;\">Es un esquema de entrega con calidad certificada, la cual presenta una oportunidad de generar eficiencia en la cadena de abastecimiento, siendo una ventaja competitiva y diferenciadora entre los proveedores.<\/p>\n<p style=\"text-align: justify;\">Se basa inicialmente en la implementaci\u00f3n de una correcta identificaci\u00f3n de productos, gesti\u00f3n de procesos y operaciones de despacho, transporte y entrega de mercader\u00eda. A trav\u00e9s del servicio de entrega certificada que GS1 Ecuador ofrece, se pretende generar procesos de preparaci\u00f3n y despacho de pedidos de alta confiabilidad. Partimos de un prinicipio b\u00e1sico de estandarizaci\u00f3n: correcta identificaci\u00f3n de productos y ubicaciones, correcta codificaci\u00f3n y captura de datos, correcto ingreso y registro de informaci\u00f3n en los sistemas y correctas v\u00edas de comunicaci\u00f3n.<\/p>\n<p style=\"text-align: justify;\">Entregas Certificadas establece un control y seguimiento de las inconsistencias que generan errores en las entregas de mercader\u00eda, siendo uno de sus principales objetivos eliminar inconvenientes para optimizar la recepci\u00f3n de los productos del proveedor.<\/p>\n<p style=\"text-align: left;\"><strong>Beneficios:<\/strong><\/p>\n<p style=\"text-align: left;\"><strong>Adicionalmente, la ejecuci\u00f3n de este programa beneficiar\u00e1 al proveedor en los siguientes aspectos:<\/strong><\/p>\n<ul>\n<li style=\"text-align: justify;\">Reduce la excesiva manipulaci\u00f3n del producto y el costo de mano de obra asociado al mismo.<\/li>\n<li style=\"text-align: justify;\">Consolida y genera confianza en la relaci\u00f3n como socios: proveedor-cliente.<\/li>\n<li style=\"text-align: justify;\">Mejora la gesti\u00f3n log\u00edstica mediante el registro permanente de las entregas y generar indicadores.<\/li>\n<li style=\"text-align: justify;\">Incrementa la cantidad de veh\u00edculos a recibir por hora\/muelle.<\/li>\n<li style=\"text-align: justify;\">Reduce el tiempo de atenci\u00f3n al proveedor.<\/li>\n<li style=\"text-align: justify;\">El 95% de las entregas se realizan a tiempo (fecha y hora).<\/li>\n<li style=\"text-align: justify;\">Facilita la operaci\u00f3n bajo conceptos de Just in Time.<\/li>\n<li style=\"text-align: justify;\">Disminuye la merma debido a la optimizaci\u00f3n de procesos.<\/li>\n<li style=\"text-align: justify;\">Minimiza las devoluciones.<\/li>\n<li style=\"text-align: justify;\">Reduce agotados en las tiendas, consecuencia de la eliminaci\u00f3n de devoluciones.<\/li>\n<li style=\"text-align: justify;\">Reduce el desgaste administrativo por el manejo de devoluciones.<\/li>\n<li style=\"text-align: justify;\">Mejora niveles de inventario.<\/li>\n<li style=\"text-align: justify;\">Mejora el nivel de servicio al cliente.<\/li>\n<li style=\"text-align: justify;\">Permite certificar la optimizaci\u00f3n de los procesos de los proveedores.<\/li>\n<\/ul>\n<p style=\"text-align: justify;\"><strong>El proyecto a realizar contempla que la empresa contratante involucre a las siguientes \u00e1reas:<\/strong><\/p>\n<ul>\n<li style=\"text-align: justify;\">Log\u00edstica<\/li>\n<li style=\"text-align: justify;\">Ventas<\/li>\n<li style=\"text-align: justify;\">Servicio al cliente<\/li>\n<li style=\"text-align: justify;\">Tecnolog\u00eda &#8211; Sistemas<\/li>\n<li style=\"text-align: justify;\">Transporte<\/li>\n<li style=\"text-align: justify;\">Cuadrillas de operarios<\/li>\n<li style=\"text-align: justify;\">y otras \u00e1reas que GS1 Ecuador considere de importancia para el proyecto de acuerdo a la Metodolog\u00eda que GS1 Ecuador ha desarrollado.<\/li>\n<\/ul>\n<p style=\"text-align: justify;\"><strong>Procedimiento de Evoluci\u00f3n de un Proyecto de Entregas Certificadas:<\/strong><\/p>\n<ul>\n<li style=\"text-align: left;\">Visita Inicial T\u00e9cnica (Diagn\u00f3stico)<\/li>\n<li style=\"text-align: left;\">Diagn\u00f3stico<\/li>\n<li style=\"text-align: left;\">Capacitaci\u00f3n<\/li>\n<li style=\"text-align: left;\">Generaci\u00f3n de Cronograma de Tareas para la implementaci\u00f3n de las soluciones est\u00e1ndar:<br \/>\n\u00b7 Identificaci\u00f3n de unidades de venta, unidades log\u00edsticas<br \/>\n\u00b7 Identificaci\u00f3n de localizaciones, espacios volum\u00e9tricos de almacenamiento<br \/>\n\u00b7 Implementaci\u00f3n de GS1-128 con estructura de datos (01)GTIN-14(17)AAMMDD(10)N\u00b0Lote<br \/>\n\u00b7 Implementaci\u00f3n de SSCC (si el proyecto lo requiere)<\/li>\n<\/ul>\n<p>&nbsp;<\/p>\n<p style=\"text-align: justify;\"><strong>Nota:<\/strong> en cada etapa la colaboraci\u00f3n de las \u00e1reas de tecnolog\u00edas y log\u00edsticas ser\u00e1 importante para lograr una correcta alineaci\u00f3n del flujo f\u00edsico de productos con el flujo de informaci\u00f3n para cada transacci\u00f3n de arribo y despacho de mercader\u00eda que se realice. Ser\u00e1 tambi\u00e9n importante la colaboraci\u00f3n de todos los socios comerciales: proveedores, operadores log\u00edsticos, clientes en la implementaci\u00f3n de un proyecto de este tipo para obtener visibilidad y trazabilidad a lo largo de la cadena de abastecimiento.<\/p>\n<p>[\/vc_column_text][\/vc_column][\/vc_row]<\/p>\n","protected":false},"excerpt":{"rendered":"<p>[vc_row full_width=&#8221;stretch_row&#8221; css=&#8221;.vc_custom_1636645631852{padding-top: 60px !important;padding-bottom: 50px !important;background-image: url(https:\/\/gs1ec.org\/contenido\/wp-content\/uploads\/2021\/10\/bread-soluciones.jpg?id=2227) !important;background-position: center !important;background-repeat: no-repeat !important;background-size: cover !important;}&#8221;][vc_column width=&#8221;1\/2&#8243;][vc_custom_heading source=&#8221;post_title&#8221; font_container=&#8221;tag:h1|text_align:left|color:%23ffffff&#8221; use_theme_fonts=&#8221;yes&#8221;][vc_empty_space height=&#8221;50px&#8221;][\/vc_column][vc_column width=&#8221;1\/2&#8243;][\/vc_column][\/vc_row][vc_row full_width=&#8221;stretch_row&#8221; css=&#8221;.vc_custom_1633367509733{padding-top: 50px !important;padding-bottom: 50px !important;}&#8221;][vc_column][vc_empty_space height=&#8221;30px&#8221;][vc_single_image image=&#8221;1779&#8243; img_size=&#8221;120&#215;120&#8243;][vc_column_text] Es un esquema de entrega con calidad certificada, la cual presenta una oportunidad de generar eficiencia en la cadena de abastecimiento, siendo una ventaja competitiva [&hellip;]<\/p>\n","protected":false},"author":2,"featured_media":0,"parent":0,"menu_order":0,"comment_status":"closed","ping_status":"closed","template":"","meta":{"iawp_total_views":60,"footnotes":""},"class_list":["post-2246","page","type-page","status-publish","hentry"],"_links":{"self":[{"href":"https:\/\/gs1ec.org\/contenido\/wp-json\/wp\/v2\/pages\/2246","targetHints":{"allow":["GET"]}}],"collection":[{"href":"https:\/\/gs1ec.org\/contenido\/wp-json\/wp\/v2\/pages"}],"about":[{"href":"https:\/\/gs1ec.org\/contenido\/wp-json\/wp\/v2\/types\/page"}],"author":[{"embeddable":true,"href":"https:\/\/gs1ec.org\/contenido\/wp-json\/wp\/v2\/users\/2"}],"replies":[{"embeddable":true,"href":"https:\/\/gs1ec.org\/contenido\/wp-json\/wp\/v2\/comments?post=2246"}],"version-history":[{"count":7,"href":"https:\/\/gs1ec.org\/contenido\/wp-json\/wp\/v2\/pages\/2246\/revisions"}],"predecessor-version":[{"id":2364,"href":"https:\/\/gs1ec.org\/contenido\/wp-json\/wp\/v2\/pages\/2246\/revisions\/2364"}],"wp:attachment":[{"href":"https:\/\/gs1ec.org\/contenido\/wp-json\/wp\/v2\/media?parent=2246"}],"curies":[{"name":"wp","href":"https:\/\/api.w.org\/{rel}","templated":true}]}}